29. Let z(d) = -25*d - 10. Let u(o) = -6*x(o) - 17*z(o). Determine u(4).
-8
Let w(m) = -33*m - 2. Let p(u) = -6*u. Let q(d) = 6*p(d) - w(d). Suppose r - 10 = 6*r. What is q(r)?
8
Let h be 8/12 + 28/3. Suppose o - h = 3*o. Let m(t) be the first derivative of t**4/4 + 4*t**3/3 - 3*t**2 - 2*t + 3. Determine m(o).
3
Let o(y) be the third derivative of y**5/60 + 5*y**4/12 + 7*y**3/6 - 17*y**2. Determine o(-5).
-18
Let f(m) be the second derivative of -m**3/6 - 6*m**2 + 111*m + 2. Calculate f(-1).
-11
Let r(b) = -b**3 + 12*b**2 + 7*b - 24. Let u(o) = o**3 - 13*o**2 - 8*o + 25. Let z(d) = 5*r(d) + 4*u(d). Determine z(8).
4
Suppose -5*h = -4*u - 38, -h - 3*u + 39 = 2*h. Let x be (6/(-5))/((-4)/h). Let j(s) = -2*s + 3*s + 2*s. Calculate j(x).
9
Let f(n) = -n - 10. Suppose -3*g - 7 = a, -3*a - 2*g = -a + 6. Let h(r) = -1. Let d(x) = a*f(x) + 3*h(x). Suppose 0 = -2*q + 6 - 16. Calculate d(q).
2
Suppose -11*l + 1 = -10*l, 5 = 4*u + 5*l. Let x(s) be the second derivative of 5*s + u - 1/12*s**4 + s**2 + 1/3*s**3. What is x(2)?
2
Suppose 27 = -4*t + 7. Let v(i) = 3*i - 1 + 2 + 1. Give v(t).
-13
Let h be (24/(-9))/((-130)/(-15) - 8). Let s(x) = -2*x + 0*x + 0*x + 4*x - 1. What is s(h)?
-9
Suppose 11 + 63 = 2*c + 4*x, x - 1 = 0. Let d = 35 - c. Let j(n) = -n + 16. What is j(d)?
16
Let x(j) be the first derivative of j**3/3 + j - 509. Let q(l) = l - 1. Let a(g) = -7*g + 11. Let s(u) = -a(u) - 6*q(u). Let p be s(5). Determine x(p).
1
Let i(v) = -v**2 + 7*v + 75. Let f be i(-6). Let n(t) = 5*t + 4. Calculate n(f).
-11
Let f(d) be the third derivative of 0*d + 1/6*d**3 - 1/6*d**4 - 18*d**2 + 0 + 1/60*d**5. Determine f(3).
-2
Let v(n) be the second derivative of -n**6/180 + n**5/60 + n**4/6 + n**3/2 + 2*n. Let q(c) be the second derivative of v(c). What is q(3)?
-8
Suppose -11*k - 12 = -12. Let c(l) be the third derivative of 1/6*l**3 - 7*l**2 + 0*l - 1/60*l**6 - 1/24*l**4 + k*l**5 + 0. Determine c(1).
-2
Suppose 5*s + 45 = -20. Let d(r) = r**2 + 14*r + 9. Let p be d(s). Let n(w) be the second derivative of -w**4/12 - 5*w**3/6 - 2*w. What is n(p)?
4
Let w(u) = -5*u**3 - 3*u + 8. Let p(m) = 8*m**3 - m**2 + 6*m - 15. Let y(q) = -3*p(q) - 5*w(q). Calculate y(-4).
1
Let g = 0 + 0. Suppose -4*f + 1 - 13 = g. Let v(w) = 2*w**2 + 6*w - 7. Let t(i) = -i**2 - 3*i + 5. Let r(b) = 5*t(b) + 3*v(b). Determine r(f).
4
Let v be -9 + -6 + 5 + 7. Let x(d) be the first derivative of -d**2/2 + 3*d + 1. What is x(v)?
6
Suppose -2*l - 6 = -0. Let b be l*-1*(4 + -3). Let u(a) = a - 54*a**2 + 54*a**2 - 10*a**b. Determine u(1).
-9
Let s be (-11)/(-2) - (-6)/12. Let u(g) = -g**3 - s*g**2 - 6 + 2 + 0 - 6*g. Let m(h) = h**3 + 5*h**2 + 4*h - 5. Let v be m(-4). Calculate u(v).
1
Let x(p) be the first derivative of -p**2/2 + 11*p + 17. Let k = 31 + -31. Give x(k).
11
Let v(a) = -2*a + 2. Let k(s) = -3*s + 4 - 1 + 4*s - 2*s. Let n(x) = -4*k(x) + 5*v(x). What is n(-2)?
10
Let b(d) = -d**2 - 7*d - 3. Let i(z) = -5*z**2 + 11*z + 4. Let f be i(3). Give b(f).
-11
Suppose 4*q - 3*q + 5*k = 42, -5*q = -2*k - 75. Let g = q + -12. Let p(b) = -3*b + 7*b - 6 - 4*b**2 + 1 + 3*b**2. What is p(g)?
-10
Let t be (4/10)/1 - (-16)/10. Let a(w) = 59*w**2 - 6 - w - 68*w**t - w**3 + 0*w. Give a(-9).
3
Suppose -8*a = 4*c - 4*a, 15 = 3*a. Let m(x) = 2*x - 1. Let t(d) = -9*d + 3. Let b(z) = c*m(z) - t(z). Let f = 2 + -5. Give b(f).
5
Let g(m) = 11*m - 2. Let d be g(1). Let k = -10 + d. Let v(y) = -11*y**2 - 4. Let c(i) = -11*i**2 - 5. Let q(p) = 4*c(p) - 5*v(p). Calculate q(k).
11
Let w(r) = -r**2 + 6*r + 1. Let y(s) = 5*s**2 - 33 + s**3 + 10 - 2*s + 19. Let b = -14 - -9. Let o be y(b). Give w(o).
1
Suppose -15 = 5*v, 5*z - 64 = 5*v - 9. Let d(l) = -7 + 10*l + 3*l**2 - 45*l**2 + 41*l**2. Determine d(z).
9
Let d = 85 + -83. Let y(c) = 3 + 21*c**d + c + c**3 + 21*c**2 - 3*c - 40*c**2. Let u(k) = 3*k**3 + k**2 + 2*k + 1. Let l be u(-1). Determine y(l).
0
Let j(h) = -h**3 - h + 4. Suppose -4*b + 2*b + 36 = 0. Let z = 18 - b. Give j(z).
4
Let v = 1 + 2. Let n(t) = -7*t - 6 - t**3 - 3*t**2 + 0*t - v*t**2. Let s = 0 + -5. Calculate n(s).
4
Let s(c) = c**2 - 3*c - 6. Suppose 4*t - 12 = t. Suppose 3*j = -0*j - 3*d + 15, 3*d - 19 = -t*j. Let i = 1 + j. What is s(i)?
4
Let c(r) = 21*r**3 - r. Let k = 18 - 19. Let i be c(k). Let n = -17 - i. Let m(t) = -2*t + 3. Calculate m(n).
-3
Let c(b) = -2 - 3*b + 3 - b. Suppose -3*t - 1 = 4*g - 11, -t + 5 = 3*g. Calculate c(t).
-7
Let m(q) = -q**2 + 3*q + 2. Let r be m(3). Let d(h) = h**3 - 10*h**2 - 10*h - 10. Let c be d(11). Let o(y) = -2 + 0*y + c - 3*y + 0. Determine o(r).
-7
Let b = 0 - -3. Suppose -11*p + 13*p - 6 = 0. Let o(i) = -5*i**2 - i**p + 3*i - 2*i - i**3 + 2 + 4*i**3. Calculate o(b).
14
Let t(a) = 15*a + 6. Let g = -8 - -3. Let f(x) = 16*x + 7. Let k(p) = g*f(p) + 6*t(p). Give k(1).
11
Let q(d) = d**2 + 2*d - 1. Let u be q(1). Suppose 19*p = 20 + 18. Suppose -17 + 3 = -u*w + p*n, -n = w - 1. Let y(b) = -b + 2. What is y(w)?
-2
Let a(n) = 2*n**3 + 2*n**2 - 2*n - 2. Let w be ((-8)/(-20))/(4/10)*-2. Give a(w).
-6
Let q(p) = p + 3. Suppose -17*i + 22*i - 25 = 0. Suppose 0 = -3*c + 4*b - 22, -i*c = b + b + 28. Give q(c).
-3
Let b(x) be the first derivative of 2*x**2 + 1/3*x**3 + 2*x - 3. Suppose 19 = 3*p + 5*z, -2 = -4*p + 3*z - 5*z. Give b(p).
-2
Let r(c) be the second derivative of -c**5/20 - c**4/2 + 2*c**3/3 + 3*c**2 - 408*c. Calculate r(-6).
-18
Let s(x) = -4*x + 2*x - 2 + x. Let u be 55/(-4)*(-3 + 0 + -1). Let b = 53 - u. Determine s(b).
0
Let t(p) = -2*p + 5 - p + 1. Let d(j) = -j**3 - 9*j**2 + 6*j - 12. Let f be d(-10). Suppose 4*l = 3*b - f, 4*b - 6*l - 20 = -5*l. Give t(b).
-6
Let h(p) = -4*p - 1. Let k = -162 - -165. Let w(j) = -8*j. Let n be w(-1). Suppose -k*f - z + 1 = 0, n*f - 3 = 3*f - z. Calculate h(f).
-5
Let w(k) be the first derivative of k**5/120 + k**4/2 + 2*k**3 - 14. Let b(l) be the third derivative of w(l). Give b(-10).
2
Let s be 2 + (-28)/(-70) + 2/(-5). Let a(l) = -937 - l**s + 943 + 2*l + 0*l. Calculate a(5).
-9
Let m(n) = 15*n**3 + n. Suppose 6*i + 5*i + 11 = 0. What is m(i)?
-16
Let v(k) = k**2 - 3*k**3 - 2*k - k**3 + 3*k**3 + 6*k**2. Let d = -44 - -51. Determine v(d).
-14
Suppose -4*g + 2*a - 52 = -2*a, 0 = -2*g + 4*a - 32. Let f = -11 - g. Let s(h) be the second derivative of h**5/20 + 5*h. Calculate s(f).
-1
Let a = 3640 - 2398. Suppose -5*i - i = -a. Let o(q) = -i*q - 5 + 208*q - 1. Calculate o(3).
-3
Let x(d) = -2*d + 8. Let s be x(2). Suppose s*n + z - 4*z + 29 = 0, -2*z = 2*n + 4. Let b(w) = -w**2 - 3*w + 3. Give b(n).
-7
Let z(b) be the third derivative of -b**4/24 + 5*b**3/6 + b**2. Let f be (-1 - -1)/(5 + -3). Determine z(f).
5
Let b(f) = -f**3 + 8*f**2 - 13*f + 3. Let o(d) = 2*d**2 + 6*d - 15. Let n be o(2). What is b(n)?
13
Let s(z) = -z**3 - 6*z**2 - 6*z - 10. Let f = 2095 - 2099. Determine s(f).
-18
Let a(k) = 10*k - 21*k - k**2 + 7*k + 22*k. Determine a(17).
17
Let s(d) be the first derivative of -3*d**4/4 - d - 2. Suppose 0 = 4*l - 4*m + 16, -2*l - 4*m = 3*l + 29. Let v = -6 - l. Determine s(v).
2
Let l(u) = -2*u**3 - 11*u**2 - 8*u - 9. Suppose 0 = -f - 0*w - 2*w - 10, -w - 19 = 4*f. Determine l(f).
-25
Suppose 4*a = 4, 3*m - a - 7 = a. Let l(n) = -n - n + 4 - 3 - m. Determine l(4).
-10
Let h(u) = -1772*u - u**2 + 1767*u - 6 + 1. Let z be (-4)/7 - (-248)/(-56). What is h(z)?
-5
Suppose -82*v + 1 = -81*v. Let w(g) = 5*g**3 + 1. What is w(v)?
6
Let k be ((-4)/6)/((-3)/9). Let y(n) = -6 - 6*n**k + n**3 + 0*n**3 + 7*n + 0. Let p be ((-3)/3)/(2/(-10)). Calculate y(p).
4
Let u be 48/18 - 6/9. Let i(s) = 1 - 6*s**3 + 4*s**2 + s**3 + 6*s**3 - s**u + s. What is i(-2)?
3
Suppose 4*i - 21 = -1. Suppose -37 = 4*s - i. Let y = -11 - s. Let n(o) = o**3 + 3*o**2 + 4*o + 4. Determine n(y).
-8
Let u(l) = l. Let t = -293 + 297. What is u(t)?
4
Let y(j) = -j**3 - 6*j**2 + 3*j - 7. Let b be 2/3*372/8. Suppose t + 11 = -0*t - 4*d, 4*d = 5*t + b. Calculate y(t).
21
Let l(z) = 210*z - 211*z - 3 + 2. Calculate l(-3).
2
Let l be 309/(-5) - (-28)/35. Let a = l + 59. Let d(x) = -2*x**3 + 1. Let m(c) = 2*c**3 + c**2 + c. Let k(j) = 3*d(j) + 4*m(j). Give k(a).
-5
Suppose -6 = -a + 4*a. Let p(q) = -2*q - 1. Let s(x) = x**2 - x - 1. Let d(v) = p(v) - 2*s(v). Let m(l) be the first derivative of d(l). What is m(a)?
8
Let v(s) = s - 3. Suppose -14 + 45 = 5*d + 3*x